f v(-4)?
3
Suppose -5*f - 3*j + 6 = 0, 4 = j + 2. Suppose 5*p + 29 + 1 = f. What is the units digit of 4/(p/(-27)*3)?
6
Let i = 221 - 94. Suppose i + 21 = 4*t. What is the units digit of t?
7
Suppose 4*l = 5*l. Suppose l = -i - i. Suppose i*g = g + 5, 29 = 2*t - 5*g. What is the units digit of t?
2
Suppose n + 0*n = 5. Suppose 0 = -g - 5*j + j - 24, n*j + 107 = -3*g. What is the tens digit of 1*-1 - g/4?
1
What is the hundreds digit of (-7646)/((-30)/(-5) - 1*8)?
8
Let r be 1*((-4)/4 - -3). Suppose -4*c + 2*y - 28 = 6*y, -5*c - r*y - 35 = 0. Let k = c + 15. What is the units digit of k?
8
Let k(x) = -x**2 - 99*x - 27. What is the units digit of k(-58)?
1
Suppose 7*q - 45 = -3. Suppose 0 = -14*s + q*s + 360. What is the units digit of s?
5
Let u(h) = h**3 - 12*h**2 + 6*h - 11. Let a be u(12). Let d = a - 42. What is the units digit of d?
9
Suppose 7*g + 299 = -107. Let c = 9 - 6. Let z = c - g. What is the tens digit of z?
6
Suppose 0 = -9*g - 3 - 15. What is the units digit of g/5 + (-1947)/(-55)?
5
Suppose 4*j + 8 + 4 = 0. Let k be (j + 1 + -3)*-1. Suppose k*l = -g + 88, -11 = -2*l + l + 2*g. What is the units digit of l?
7
Let u = 539 - 103. What is the tens digit of u?
3
Suppose -3*i + 7*i - 20 = 0. Suppose 2*y - m - 116 = -0*m, 0 = 3*y - i*m - 181. What is the units digit of y?
7
Let a be 2 - (1 - 3)*-1. Let t(h) = -h**2 + 2*h + 20. Let g be t(a). What is the units digit of 4/g - 372/(-15)?
5
Let g be (-1)/(22/(-6) - -4). Let p be ((-8)/12)/(g/126). Suppose 2*o - r - 49 - p = 0, 3 = -r. What is the units digit of o?
7
Suppose -4*u + 2 = -5*z, 4*z = -z + 2*u + 4. Suppose 80 = 3*k - 5*v - 24, -2*k + z*v = -64. Let b = k - 18. What is the tens digit of b?
1
Suppose k - 74 = 2*k. Let p = k + 181. What is the hundreds digit of p?
1
Let z = 840 + -262. What is the units digit of z?
8
Let u(s) = -2*s**2 - 27*s - 15. Let x be u(-11). Suppose 2*l - x - 380 = 0. What is the hundreds digit of l?
2
What is the tens digit of (-2 + 1)*2*(2 - 1672)?
4
Let w(y) = y**3 - 25*y**2 + 3*y + 54. What is the tens digit of w(25)?
2
Suppose -7 = 3*z + 2*f - 27, 3*z - 4*f = -4. Suppose 0 = -4*c - z*c + 776. What is the units digit of c?
7
Let h be 10/(8/4) - -11. Suppose -2604 = -h*u + 2*u. What is the hundreds digit of u?
1
What is the units digit of (3 - 1)*(-35)/(-14)?
5
Let c = -31 - -31. Suppose c = -8*t + 13*t - 635. What is the units digit of t?
7
Suppose -5*v = 6 + 4. Let r be (-1)/2*v - -1. Suppose -56 = -r*a - 0*a. What is the tens digit of a?
2
Suppose -3*l + 224 = x + x, 3*x - l = 314. Let b be -2 - (-4)/(8/x). Suppose -5*u - b = -231. What is the tens digit of u?
3
Suppose -17*w + 19*w = 2. What is the units digit of ((-2704)/(-65))/(w/5)?
8
Suppose 7536 = 3*k - 2*q, -5*q = -5*k - 4*q + 12567. What is the units digit of k?
4
Let z = 99 + 224. What is the units digit of z?
3
Suppose 4*o - 7588 = -3*c, c = o + 2074 + 460. What is the units digit of c?
2
Let s = 2 + 2. Let x(n) be the second derivative of -n**5/20 + n**4/2 - n**3/3 - 5*n**2/2 + n - 8. What is the units digit of x(s)?
9
Suppose -c = 5*o + 10, 0*o - 2 = o. Suppose 3*t + 23 = b - 13, c = 5*b - 5*t - 130. What is the tens digit of b?
2
What is the units digit of 43/(-129) - 358/(-3)?
9
Let c = -28 - -13. Let i be (9/15)/(3/c). What is the units digit of i + 0 + 1 + 21?
9
Let b be (-96)/(-8)*-2*1. Let v = b + 50. What is the tens digit of v?
2
What is the units digit of -2 + -2 + 850 + -37 + 36?
5
Let y = 84 + 1205. What is the units digit of y?
9
Suppose 51 = -4*k - 3*q - 48, k + q + 25 = 0. Let h = -3 - k. Suppose -t + 4*v = -h, -5*v + v = 5*t - 177. What is the tens digit of t?
3
Suppose -18*q + 6034 - 1966 = 0. What is the tens digit of q?
2
Suppose 715 = 5*c + 4*z + 152, 5*c - 2*z = 551. What is the tens digit of c*1/(-2)*(-42)/9?
5
Suppose 0 = -4*u - 8, -3*g + 2*u = 7*u - 2. Suppose -g*s + 0*s + 497 = -b, s - 134 = -3*b. What is the hundreds digit of s?
1
What is the tens digit of 208400/(-120)*(-24)/10?
6
Let b be (-1)/2*2*-39. Suppose -2*o - 5*c + 49 = 0, -o + 5*c + b = o. Suppose 5*m + 5*q = -14 + 69, 2*m - 3*q = o. What is the tens digit of m?
1
Let g be 9/(-9) + 3*2. Suppose r - 6*r + 5*z + 70 = 0, -34 = -g*r - 4*z. Suppose -x = x - r. What is the units digit of x?
5
Suppose -3*a - g = -1168, -5*a - 5*g + 770 = -3*a. What is the units digit of a?
0
Suppose 3 + 1 = -x. Let g(d) = d + 4. Let b be g(x). Suppose 4*l - 24 = -b*l. What is the units digit of l?
6
Let d be -1 + 3 + 9/((-63)/(-14)). What is the hundreds digit of 0 - -3 - -11*(8 + d)?
1
Suppose -4*j = 36 + 8. Let h = 43 + -3. Let c = j + h. What is the tens digit of c?
2
What is the thousands digit of 0 + 3622 - 4/((-8)/(-6))?
3
Suppose 0 + 6 = -u. Let m be u*(-3)/(-4 + 10). Let t = 7 + m. What is the tens digit of t?
1
Suppose -3*r + 5*r = 156. Suppose 0 = t - 92 - r. What is the hundreds digit of t?
1
Suppose -5*j - 727 - 698 = 0. What is the units digit of j/(-10) + 1/2?
9
Suppose -2*w - 465 = 4*x + 413, 5*x + 1105 = -w. Let i = 2 - -1. What is the tens digit of (-2)/(x/(-75) - i)?
5
Let y = -1061 + 2869. What is the thousands digit of y?
1
Let b(f) = -19*f**3 + 3*f**2 + 2*f - 2. Let l be b(-2). Let z = l - 49. Suppose 0 = -c - d + 25 + 6, -d = -4*c + z. What is the tens digit of c?
2
Suppose -11*h = -9*h - 188. What is the units digit of h?
4
Let h(s) = -17*s**3 - 29*s**2 - 83*s - 10. What is the units digit of h(-4)?
6
Let d(a) = a**2 - 4*a + 1. Let s be d(4). Suppose 2*b - 9 + s = 0. Let r(p) = p + 2. What is the units digit of r(b)?
6
Let x(j) = -90*j + 316. What is the tens digit of x(-8)?
3
Let b(r) = 4*r**2 - 6*r + 8. What is the tens digit of b(5)?
7
Let u = -46 + 51. Suppose 5*b + 0*b + 2*d = 209, -3*b + 113 = -u*d. What is the units digit of b?
1
Let k(w) be the first derivative of w**3 + w**2 + 4*w + 39. Let t(v) = -v**3 + 12*v**2 - 12*v + 14. Let q be t(11). What is the tens digit of k(q)?
3
Suppose 207*j + 636 = 210*j. Let l = j + 34. What is the tens digit of l?
4
Suppose -2*t + 2*h = -159 - 323, 3*t + 5*h - 699 = 0. What is the hundreds digit of t?
2
Suppose -4*s - 5*z = -6*s - 29, 5 = z. Let y(c) = -13*c**3 - 3*c**2 - 4*c - 3. What is the units digit of y(s)?
7
Let i = -1328 - -3792. What is the thousands digit of i?
2
What is the units digit of -3 - (38/133 - 2636/14)?
5
Suppose -h + 470 = -4*x, 353 + 597 = 2*h - 3*x. Let l = h + -282. What is the hundreds digit of l?
1
Let v(z) = -z**3 + 5*z**2 + 4*z + 15. Let s be v(6). Suppose 0 = r - 3*l - 135, 0 = -3*r + s*l + l + 395. What is the units digit of r?
9
Suppose 5 = z - 3*g, -g - g = -3*z + 1. Suppose 56*d - 58*d = -112. What is the tens digit of ((-144)/d)/(z/7)?
1
What is the units digit of 2313 - -14*(-40)/70?
5
Let n = 20 - 16. Suppose 2*c + 2*f - 159 = -c, 0 = -n*c - f + 212. Suppose 5*o - 32 = c. What is the tens digit of o?
1
What is the hundreds digit of (2/4)/(3/2868)?
4
Let o(z) = -4*z - 28. Let s be o(-23). Let p = s - -42. What is the units digit of p?
6
Let v(z) = -23*z - 1. Let i be v(1). Let u be (9/4)/((-6)/i). Suppose -d + 2*o = 1 - u, -2*o = d - 4. What is the units digit of d?
6
Let l = -45 - -45. Suppose l = 3*z + 4*o - 330, -16 + 7 = 3*o. What is the tens digit of z?
1
Suppose 5*r - 21 = j, 54 = -4*j + 5*r - 30. Let a = j - -19. Let g = 7 + a. What is the units digit of g?
5
Suppose -12582 = -31*m + 28*m. What is the thousands digit of m?
4
Let p(b) be the first derivative of -b**3/3 + b**2/2 + 7*b - 1. Let i be p(4). Let r(y) = -9*y - 4. What is the units digit of r(i)?
1
Let s(z) = -13*z**3 + 6*z**2 + 8*z + 7. Let c be s(-3). Let d = c - 129. What is the hundreds digit of d?
2
Let g = 47 + -40. Suppose -g*f - 24 + 458 = 0. What is the tens digit of f?
6
Suppose 7*k - 3*k - 8 = 0. Suppose 2*u - 324 = -k*u - 3*y, -4*u = -y - 340. What is the units digit of u?
4
Let s(y) = -6*y**3 - 2*y**2 - 2*y - 1. Let k be s(-1). Let f = 16 - k. Suppose -f*v - 92 = -13*v. What is the tens digit of v?
4
Suppose -2*b - 3*z = 40, 1 = -2*b - 2*z - 35. What is the tens digit of (b - 2)/(6/(-48))?
2
Suppose 2160 = 36*a - 31*a. What is the hundreds digit of a?
4
Suppose 2*h - 3*l = 10, 2*h - 4*h = 5*l - 10. Suppose 5*q = -j + 115, 2*j + h*q - 187 = 68. What is the units digit of (-400)/j*(0 - 7)?
0
Suppose 5047 - 1316 = 7*w. What is the hundreds digit